 20. List the prime factors of b.
2, 73
Suppose z + 2*z - 26 = -5*x, -3*z - 9 = 0. Suppose 0 = x*s - 27*s + 1320. List the prime factors of s.
2, 3, 11
Let q(a) = -6*a**2 + 25*a - 213. Let f(h) = -2*h**2 - 1. Let g(c) = 2*f(c) - q(c). What are the prime factors of g(26)?
11, 83
Let y be ((-302)/6)/(2/(-6)). Suppose -4*o + 1981 = -y. List the prime factors of o.
13, 41
What are the prime factors of ((-709)/7)/(17/(-119))?
709
Let z = 45 - 43. Suppose -4*d - z = -5*d. Suppose 0*n - r + 135 = d*n, r = n - 69. What are the prime factors of n?
2, 17
Suppose 0 = 24*j + 57 + 39. What are the prime factors of (-1685)/j + -2 + (-33)/(-12)?
2, 211
Suppose -10839 = -20*i - 1579. Let r = i - 37. What are the prime factors of r?
2, 3, 71
Let o be (8/3 + -4)*14*3. What are the prime factors of (11 - o)*(1 + 5)?
2, 3, 67
Let w(b) = -b**2 + 14*b - 24. Let l = 78 + -80. Let c be (-1 - (-31)/l)*4/(-6). List the prime factors of w(c).
3
What are the prime factors of (1840/(-48))/((-15)/4311)?
23, 479
Let v(c) = 102*c**2 + 40*c + 14. List the prime factors of v(-6).
2, 1723
Suppose 2*t - 2*x - 1055 + 9 = 0, -3*x + 1599 = 3*t. Let n = t - -52. List the prime factors of n.
2, 5, 29
Suppose 2*t - 4*f - 7772 = 0, 3*t + 4*f - 5210 = 6478. List the prime factors of t.
2, 7, 139
Let w(u) = 19*u**2 + 16*u - 102. Let a(b) = -b**2 + 2*b - 1. Let n(y) = 5*a(y) + w(y). List the prime factors of n(4).
13, 17
Let w = -43 + 47. Suppose 5*t - 380 = -p, 0 = t + t + w. Suppose 7*b - 4*b - p = 0. What are the prime factors of b?
2, 5, 13
Let g = 7743 + -3894. Suppose 15*l = g + 1821. List the prime factors of l.
2, 3, 7
Let a(z) = 9*z**2 + 8*z - 9. Let l be a(6). Suppose -l = -2*g + 31. Let q = -92 + g. What are the prime factors of q?
3, 5, 7
Let i be (-6)/(-54)*3*1461. Let r = 720 - i. What are the prime factors of r?
233
Let n(i) = i**2 - 2*i + 1. Let v(c) = 395*c**3 + 6*c**2 - 7*c + 3. Let o(s) = -4*n(s) + v(s). What are the prime factors of o(1)?
397
Suppose 0 = 24*s - 257907 - 85005. What are the prime factors of s?
2, 19, 47
Suppose -64*k + 2*k + 200012 = 0. List the prime factors of k.
2, 1613
Let r be 6/((-2)/(-2) + 1). Suppose 3*f - z - 13 = 5, 35 = 4*f - 5*z. Suppose -l + 249 = f*c, 7*c = r*c + l + 201. List the prime factors of c.
2, 5
Suppose -l + 25605 + 26456 = 6*a, 0 = -a + 4*l + 8656. What are the prime factors of a?
2, 3, 241
Let d(p) = -24*p + 99. Let v(s) = 24*s - 102. Let o(j) = -6*d(j) - 4*v(j). What are the prime factors of o(16)?
2, 3, 97
List the prime factors of (72848/(-87) - -19)/(1/(-36)).
2, 3, 5, 491
Suppose -4*x + 9 = 29. Let b be (-2)/(-4) + x/(-2). What are the prime factors of 0 - b - 620/(-4)?
2, 19
Let i = -17 - -30. Suppose -v - i + 16 = 0. List the prime factors of (-1*v)/((-6)/180).
2, 3, 5
Suppose 0 = -2*q - 5*k + 45, -5*q + 0*k + 2*k = -156. What are the prime factors of q/(1/(-9)*-3)?
2, 3, 5
Let i = 109 - 231. Let u = 109 - i. What are the prime factors of u?
3, 7, 11
Let l = 23498 - 16521. List the prime factors of l.
6977
Let l = 2655 + -2650. Let x = 86 + 6. Suppose x = 4*y - 5*t, l*y - t - 149 = -13. What are the prime factors of y?
2, 7
Suppose -15*j = -18*j + 24. Let s be (4 + j)*9/2. Let k = s + -31. What are the prime factors of k?
23
Let j = -8423 + 11521. List the prime factors of j.
2, 1549
Suppose 2*c - 4*c - y = -357, 3*c - 5*y = 503. Suppose 299 = -3*j + a, -3*a = -6*j + 5*j - 89. Let f = c + j. What are the prime factors of f?
3, 5
Let i(g) = 206*g - 2238. List the prime factors of i(36).
2, 3, 863
What are the prime factors of (-28)/(-6) + -4 + ((-49214)/6)/(-1)?
13, 631
Let h = -4 - -264. Suppose -5*q = t + 266, -2*q = 3*q - 5*t + h. Let x = 144 + q. List the prime factors of x.
7, 13
Suppose 4*o = -k + 340, k + 2*o = 2*k - 334. Suppose -8*g = -224 - k. What are the prime factors of g?
2, 5, 7
Suppose 10*j + b - 19558 = 7*j, 4*j + 2*b - 26078 = 0. What are the prime factors of j?
3, 41, 53
Let q = -467 - -158. List the prime factors of (-8 - -9)/((-1)/q).
3, 103
Let q(k) = k**3 - 4*k**2 - 14*k + 7. Let d(t) = -2*t. Let z be d(-2). Let r = z - -3. List the prime factors of q(r).
2, 7
Let q(g) be the third derivative of -25*g**2 - 5/3*g**3 + 0 + 0*g + 25/12*g**4. List the prime factors of q(4).
2, 5, 19
Let n be 1 + 5/((-15)/6) + 2. Suppose t - 11 = n. Suppose -t*f = -8*f - 196. List the prime factors of f.
7
Let a(h) = -4*h**3 - 29*h**2 - 15*h + 56. Let q(u) = 3*u**3 + 27*u**2 + 15*u - 55. Let t(b) = -4*a(b) - 5*q(b). List the prime factors of t(21).
2, 3, 103
Suppose 0 = 7*a - 14. Suppose 0 = -2*i - 3*v + 718, -1795 = -2*i - 3*i - a*v. List the prime factors of i.
359
Let d(t) = -8*t - 67. Let p be d(-9). Suppose -2*c - 21*r + 75 = -26*r, -r = -p*c + 222. List the prime factors of c.
3, 5
Suppose 2*v - 475 - 5253 = -q, 0 = 5*v + q - 14311. What are the prime factors of v?
2861
Let y = -260 + 297. Suppose 0 = y*q - 27*q - 17510. List the prime factors of q.
17, 103
Let d(r) = -r**2 + 25*r + 7. Let a(f) = 8*f - 22. Let u be a(3). Let x be (38*(-1)/u)/(-1). List the prime factors of d(x).
11
Suppose 17734 - 3391 = 7*p. What are the prime factors of p?
3, 683
Suppose 2*m - 22572 = -w, 3*m - 45137 = -10*w + 8*w. What are the prime factors of w?
2, 11279
Let n(h) = -61*h + 1295. List the prime factors of n(-36).
3491
Let w(l) = -27*l + 10. Let h be w(5). Let a = -223 - h. Let g = 40 - a. List the prime factors of g.
2, 3, 23
Let j(k) be the second derivative of 4*k**4/3 - k**3 + 22*k**2 - 92*k. What are the prime factors of j(8)?
2, 3, 5, 17
Let m(l) = 5*l**2 - 144*l + 377. List the prime factors of m(-35).
2, 29, 199
Let i(f) = 9*f**3 + 45*f**2 + 19*f + 35. Let x be i(-5). Let j be (0 - 188/(-1)) + 1. Let a = j + x. List the prime factors of a.
3, 43
Let g = -11534 - -18365. List the prime factors of g.
3, 11, 23
Let b(t) = t + 1. Suppose -5*i = i - 78. Let s be -2 + 7 - 52/i. List the prime factors of b(s).
2
Let j = 80814 - 33344. What are the prime factors of j?
2, 5, 47, 101
Let r = -5807 - -24271. List the prime factors of r.
2, 577
Suppose 5*m + p - 195 = -44, 0 = 4*m + 2*p - 122. Let s = 34 - m. Suppose 59 = 2*r + 4*c + 11, -75 = -s*r - c. What are the prime factors of r?
2, 3
Suppose 3*p - 24*i + 25*i - 23 = 0, -4*i - 7 = p. Suppose 0 = -18*w + p*w + 531. List the prime factors of w.
59
Let p be ((-506)/(-3))/(44/66). Let m = p - 90. What are the prime factors of m?
163
Let n(v) = 39*v - 18. Let j(t) = -t**2 + 3*t + 9. Let q be j(4). Let b = q - 2. What are the prime factors of n(b)?
3, 11
Let t = 41 + -492. Let u = -130 - t. What are the prime factors of u?
3, 107
Let k(y) = -40*y**3 + 12*y**2 - y + 19. Let s(p) = -p**3 + 2*p**2 + 1. Let w(b) = -k(b) + 6*s(b). What are the prime factors of w(3)?
2, 227
Suppose -4*s = -3*t + 28686, -167*t + 9557 = -166*t - 3*s. List the prime factors of t.
2, 4783
Suppose -5*b + 2*j = -3*j - 110, -4*j = b - 47. What are the prime factors of (b/9)/(1*(-2)/(-94))?
3, 47
Let x(g) = 5374*g - 550. List the prime factors of x(1).
2, 3, 67
Let t be 4/(-6)*(-4)/((-48)/18). List the prime factors of 170 + (-2 - t)/((-1)/5).
5, 7
Let w be (0 - (-105)/28) + (-2)/(-8). Suppose w*f = 2*y - 339 - 297, 1272 = 4*y + 2*f. List the prime factors of y.
2, 3, 53
Let n be (-1 - (-12)/20)*-10. Suppose -26*o + 66 = 14. Suppose -3*h - 17 = -3*m + 268, o*m = n*h + 180. List the prime factors of m.
2, 5
Let y(w) = 21*w**2 - 55*w - 247. What are the prime factors of y(25)?
11503
Let z(r) be the second derivative of -r**5/4 + r**4/3 + r**3/2 - 2*r**2 - 151*r. What are the prime factors of z(-5)?
2, 353
Suppose 912 = 2*h - 634. Let m = 2617 - h. List the prime factors of m.
2, 461
List the prime factors of (35/(-175) + 23316/(-45))*-3.
5, 311
Let u = -21 - -39. Let o be (-3)/u - 363/(-18). Suppose 0 = -19*v + o*v - 87. What are the prime factors of v?
3, 29
Suppose -3*u - 5250 = 2*u. Let l be (-1 + (-3)/(-4))*(74 - 78). What are the prime factors of (l/(9/15))/((-14)/u)?
5
Let z(k) = 17 + 20*k + 4 + 12173*k**2 + 0*k - 12170*k**2. What are the prime factors of z(-15)?
2, 3, 11
Suppose l = 4*i + 4, 3*l - 2*i - 4 = -2. Suppose 4*c - 12*c + 2312 = l. Suppose -6*y + c - 73 = 0. What are the prime factors of y?
2, 3
Let l(t) = t**2 - 8*t + 14. Suppose -2*s = 3*j - 6, -4*s + 0 = j - 2. Suppose -7 - j = -v. List the 